{"id":8,"date":"2020-09-15T06:48:51","date_gmt":"2020-09-15T06:48:51","guid":{"rendered":"https:\/\/eralink.com.br\/?page_id=8"},"modified":"2022-04-22T19:52:21","modified_gmt":"2022-04-22T19:52:21","slug":"services","status":"publish","type":"page","link":"https:\/\/eralink.com.br\/?page_id=8","title":{"rendered":"Services"},"content":{"rendered":"\n<div class=\"wp-block-cover alignfull\" style=\"min-height:550px\"><span aria-hidden=\"true\" class=\"wp-block-cover__gradient-background has-background-dim\" style=\"background-color:#000000\"><\/span><img loading=\"lazy\" width=\"1280\" height=\"850\" class=\"wp-block-cover__image-background wp-image-170\" alt=\"hands, shaking hands, company-1063442.jpg\" src=\"http:\/\/eralink.com.br\/wp-content\/uploads\/2022\/04\/hands-shaking-hands-company-1063442.jpg\" style=\"object-position:52% 55%\" data-object-fit=\"cover\" data-object-position=\"52% 55%\" srcset=\"https:\/\/eralink.com.br\/wp-content\/uploads\/2022\/04\/hands-shaking-hands-company-1063442.jpg 1280w, https:\/\/eralink.com.br\/wp-content\/uploads\/2022\/04\/hands-shaking-hands-company-1063442-300x199.jpg 300w, https:\/\/eralink.com.br\/wp-content\/uploads\/2022\/04\/hands-shaking-hands-company-1063442-1024x680.jpg 1024w, https:\/\/eralink.com.br\/wp-content\/uploads\/2022\/04\/hands-shaking-hands-company-1063442-768x510.jpg 768w\" sizes=\"(max-width: 1280px) 100vw, 1280px\" \/><div class=\"wp-block-cover__inner-container\">\n<h1 class=\"has-text-align-center has-text-color\" style=\"color:#ffffff\">Servi\u00e7os<\/h1>\n\n\n\n<figure class=\"wp-block-gallery has-nested-images columns-default is-cropped\"><\/figure>\n<\/div><\/div>\n\n\n\n<div class=\"wp-container-9 wp-block-group alignfull has-white-background-color has-background\"><div class=\"wp-block-group__inner-container\">\n<h2 class=\"has-text-align-center\">\u00c9 hora de sua empresa ter uma parceria s\u00f3lida!<\/h2>\n\n\n\n<hr class=\"wp-block-separator aligncenter has-text-color has-background has-ast-global-color-0-background-color has-ast-global-color-0-color\"\/>\n\n\n\n<p class=\"has-text-align-center\">Portf\u00f3lio din\u00e2mico e amplo para atender expectativas e agregar valor ao seu neg\u00f3cio.<\/p>\n\n\n\n<div class=\"wp-block-columns\">\n<div class=\"wp-block-column\">\n<div class=\"wp-container-2 wp-block-group\"><div class=\"wp-block-group__inner-container\">\n<div class=\"wp-block-image\"><figure class=\"aligncenter size-large\"><img loading=\"lazy\" width=\"1024\" height=\"594\" src=\"http:\/\/eralink.com.br\/wp-content\/uploads\/2022\/04\/web-domain-service-3967926-1024x594.jpg\" alt=\"web, domain, service-3967926.jpg\" class=\"wp-image-199\" srcset=\"https:\/\/eralink.com.br\/wp-content\/uploads\/2022\/04\/web-domain-service-3967926-1024x594.jpg 1024w, https:\/\/eralink.com.br\/wp-content\/uploads\/2022\/04\/web-domain-service-3967926-300x174.jpg 300w, https:\/\/eralink.com.br\/wp-content\/uploads\/2022\/04\/web-domain-service-3967926-768x446.jpg 768w, https:\/\/eralink.com.br\/wp-content\/uploads\/2022\/04\/web-domain-service-3967926.jpg 1280w\" sizes=\"(max-width: 1024px) 100vw, 1024px\" \/><\/figure><\/div>\n\n\n\n<h5 class=\"has-text-align-center\">EraServices<\/h5>\n\n\n\n<p class=\"has-text-align-center\">Solu\u00e7\u00f5es customizadas de servi\u00e7o de suporte, monitora\u00e7\u00e3o e assessment de ambientes produtivos.<\/p>\n\n\n\n<div class=\"wp-container-1 wp-block-buttons\">\n<div class=\"wp-block-button\"><a class=\"wp-block-button__link\">Saiba mais<\/a><\/div>\n<\/div>\n<\/div><\/div>\n<\/div>\n\n\n\n<div class=\"wp-block-column\">\n<div class=\"wp-container-4 wp-block-group\"><div class=\"wp-block-group__inner-container\">\n<div class=\"wp-block-image\"><figure class=\"aligncenter size-large\"><img loading=\"lazy\" width=\"1024\" height=\"732\" src=\"http:\/\/eralink.com.br\/wp-content\/uploads\/2022\/04\/website-development-setting-6700615-1024x732.png\" alt=\"website, development, setting-6700615.jpg\" class=\"wp-image-198\" srcset=\"https:\/\/eralink.com.br\/wp-content\/uploads\/2022\/04\/website-development-setting-6700615-1024x732.png 1024w, https:\/\/eralink.com.br\/wp-content\/uploads\/2022\/04\/website-development-setting-6700615-300x214.png 300w, https:\/\/eralink.com.br\/wp-content\/uploads\/2022\/04\/website-development-setting-6700615-768x549.png 768w, https:\/\/eralink.com.br\/wp-content\/uploads\/2022\/04\/website-development-setting-6700615.png 1280w\" sizes=\"(max-width: 1024px) 100vw, 1024px\" \/><\/figure><\/div>\n\n\n\n<h5 class=\"has-text-align-center\">EraSolutions<\/h5>\n\n\n\n<p class=\"has-text-align-center\">Solu\u00e7\u00f5es em projetos de arquitetura de redes, wireless, seguran\u00e7a, telefonia e datacenter.<\/p>\n\n\n\n<div class=\"wp-container-3 wp-block-buttons\">\n<div class=\"wp-block-button\"><a class=\"wp-block-button__link\">Saiba mais<\/a><\/div>\n<\/div>\n<\/div><\/div>\n<\/div>\n<\/div>\n\n\n\n<div class=\"wp-block-columns\">\n<div class=\"wp-block-column\">\n<div class=\"wp-container-6 wp-block-group\"><div class=\"wp-block-group__inner-container\">\n<div class=\"wp-block-image\"><figure class=\"aligncenter size-large\"><img loading=\"lazy\" width=\"1024\" height=\"1018\" src=\"http:\/\/eralink.com.br\/wp-content\/uploads\/2022\/04\/development-web-design-4536630-1024x1018.png\" alt=\"development, web, design-4536630.jpg\" class=\"wp-image-200\" srcset=\"https:\/\/eralink.com.br\/wp-content\/uploads\/2022\/04\/development-web-design-4536630-1024x1018.png 1024w, https:\/\/eralink.com.br\/wp-content\/uploads\/2022\/04\/development-web-design-4536630-300x298.png 300w, https:\/\/eralink.com.br\/wp-content\/uploads\/2022\/04\/development-web-design-4536630-150x150.png 150w, https:\/\/eralink.com.br\/wp-content\/uploads\/2022\/04\/development-web-design-4536630-768x763.png 768w, https:\/\/eralink.com.br\/wp-content\/uploads\/2022\/04\/development-web-design-4536630.png 1280w\" sizes=\"(max-width: 1024px) 100vw, 1024px\" \/><\/figure><\/div>\n\n\n\n<h5 class=\"has-text-align-center\">EraDev<\/h5>\n\n\n\n<p class=\"has-text-align-center\">Desenvolvimento (F\u00e1brica de Software)<\/p>\n\n\n\n<div class=\"wp-container-5 wp-block-buttons\">\n<div class=\"wp-block-button\"><a class=\"wp-block-button__link\">Saiba mais<\/a><\/div>\n<\/div>\n<\/div><\/div>\n<\/div>\n\n\n\n<div class=\"wp-block-column\">\n<div class=\"wp-container-8 wp-block-group\"><div class=\"wp-block-group__inner-container\">\n<div class=\"wp-block-image\"><figure class=\"aligncenter size-large\"><img loading=\"lazy\" width=\"1024\" height=\"465\" src=\"http:\/\/eralink.com.br\/wp-content\/uploads\/2022\/04\/security-technology-cyber-security-7070879-1024x465.png\" alt=\"security, technology, cyber security-7070879.jpg\" class=\"wp-image-201\" srcset=\"https:\/\/eralink.com.br\/wp-content\/uploads\/2022\/04\/security-technology-cyber-security-7070879-1024x465.png 1024w, https:\/\/eralink.com.br\/wp-content\/uploads\/2022\/04\/security-technology-cyber-security-7070879-300x136.png 300w, https:\/\/eralink.com.br\/wp-content\/uploads\/2022\/04\/security-technology-cyber-security-7070879-768x349.png 768w, https:\/\/eralink.com.br\/wp-content\/uploads\/2022\/04\/security-technology-cyber-security-7070879.png 1280w\" sizes=\"(max-width: 1024px) 100vw, 1024px\" \/><\/figure><\/div>\n\n\n\n<h5 class=\"has-text-align-center\">EraSec<\/h5>\n\n\n\n<p class=\"has-text-align-center\">Assessment de seguran\u00e7a, Matriz de Risco, Firewalls, VPN e assessoria em Seguran\u00e7a da Informa\u00e7\u00e3o.<\/p>\n\n\n\n<div class=\"wp-container-7 wp-block-buttons\">\n<div class=\"wp-block-button\"><a class=\"wp-block-button__link\">Saiba mais<\/a><\/div>\n<\/div>\n<\/div><\/div>\n<\/div>\n<\/div>\n<\/div><\/div>\n\n\n\n<div class=\"wp-container-10 wp-block-group alignfull has-ast-global-color-4-background-color has-background\"><div class=\"wp-block-group__inner-container\">\n<div class=\"wp-block-columns alignwide\">\n<div class=\"wp-block-column\">\n<h3>EraServices<\/h3>\n\n\n\n<p>Precisa de suporte t\u00e9cnico? Temos solu\u00e7\u00f5es customizadas de servi\u00e7o de atendimento e suporte especializado \u00e0 ambientes de infraestrutura de redes e servidores.<\/p>\n\n\n\n<p><strong>EraSupport:<\/strong> Suporte t\u00e9cnico N1, N2 e N3.<br><strong>EraLive:<\/strong> NOC 24&#215;7 proporcionando cobertura integral do ambiente.<br><strong>EraMS:<\/strong> Servi\u00e7os gerenciados, monitorados e customiz\u00e1veis.<\/p>\n\n\n\n<p><\/p>\n<\/div>\n\n\n\n<div class=\"wp-block-column\">\n<h3>EraSolutions<\/h3>\n\n\n\n<p>Precisa implantar novas solu\u00e7\u00f5es no seu ambiente? Temos consultores especializados em diferentes tecnologias para melhor atende-lo.<\/p>\n\n\n\n<p><strong>EraNet:<\/strong> Arquitetura de redes.<br><strong>EraMobility:<\/strong> Wireless Indoor e Outdoor, Controladoras Wireless.<br><strong>EraVox:<\/strong> Comunica\u00e7\u00e3o unificada, PABX, VOIP em nuvem.<\/p>\n<\/div>\n<\/div>\n<\/div><\/div>\n","protected":false},"excerpt":{"rendered":"<p>\u00c9 hora de sua empresa ter uma parceria s\u00f3lida! Portf\u00f3lio din\u00e2mico e amplo para atender expectativas e agregar valor ao seu neg\u00f3cio. EraServices Solu\u00e7\u00f5es customizadas de servi\u00e7o de suporte, monitora\u00e7\u00e3o e assessment de ambientes produtivos. EraSolutions Solu\u00e7\u00f5es em projetos de arquitetura de redes, wireless, seguran\u00e7a, telefonia e datacenter. EraDev Desenvolvimento (F\u00e1brica de Software) EraSec Assessment [&hellip;]<\/p>\n","protected":false},"author":1,"featured_media":0,"parent":0,"menu_order":0,"comment_status":"closed","ping_status":"closed","template":"","meta":{"om_disable_all_campaigns":false,"_mi_skip_tracking":false},"aioseo_notices":[],"_links":{"self":[{"href":"https:\/\/eralink.com.br\/index.php?rest_route=\/wp\/v2\/pages\/8"}],"collection":[{"href":"https:\/\/eralink.com.br\/index.php?rest_route=\/wp\/v2\/pages"}],"about":[{"href":"https:\/\/eralink.com.br\/index.php?rest_route=\/wp\/v2\/types\/page"}],"author":[{"embeddable":true,"href":"https:\/\/eralink.com.br\/index.php?rest_route=\/wp\/v2\/users\/1"}],"replies":[{"embeddable":true,"href":"https:\/\/eralink.com.br\/index.php?rest_route=%2Fwp%2Fv2%2Fcomments&post=8"}],"version-history":[{"count":4,"href":"https:\/\/eralink.com.br\/index.php?rest_route=\/wp\/v2\/pages\/8\/revisions"}],"predecessor-version":[{"id":202,"href":"https:\/\/eralink.com.br\/index.php?rest_route=\/wp\/v2\/pages\/8\/revisions\/202"}],"wp:attachment":[{"href":"https:\/\/eralink.com.br\/index.php?rest_route=%2Fwp%2Fv2%2Fmedia&parent=8"}],"curies":[{"name":"wp","href":"https:\/\/api.w.org\/{rel}","templated":true}]}}